00943 is divided by 12?
3
Calculate the remainder when 2982064 is divided by 265.
19
What is the remainder when 2291235 is divided by 41653?
320
What is the remainder when 6970538 is divided by 7?
1
Calculate the remainder when 1596341 is divided by 319267.
6
Calculate the remainder when 22548 is divided by 7483.
99
Calculate the remainder when 828982424 is divided by 11.
6
What is the remainder when 39975 is divided by 39011?
964
What is the remainder when 23358 is divided by 5961?
5475
Calculate the remainder when 19365556 is divided by 165.
1
Calculate the remainder when 5979232 is divided by 3147.
3079
Calculate the remainder when 338840 is divided by 22589.
5
What is the remainder when 17093734 is divided by 17093681?
53
Calculate the remainder when 38776 is divided by 38240.
536
What is the remainder when 1244761 is divided by 232?
81
What is the remainder when 169786625 is divided by 10?
5
Calculate the remainder when 254450315 is divided by 2814.
2807
What is the remainder when 1142666 is divided by 24?
2
What is the remainder when 10191342 is divided by 172?
170
What is the remainder when 828127 is divided by 4712?
3527
What is the remainder when 358262 is divided by 262?
108
What is the remainder when 499565 is divided by 498791?
774
What is the remainder when 87715 is divided by 1204?
1027
Calculate the remainder when 198027124 is divided by 32.
20
What is the remainder when 1781327 is divided by 890660?
7
Calculate the remainder when 9964638 is divided by 2710.
2678
Calculate the remainder when 2115540 is divided by 506.
460
What is the remainder when 171092 is divided by 401?
266
Calculate the remainder when 3986582 is divided by 3257.
14
What is the remainder when 2773375 is divided by 2773368?
7
What is the remainder when 18567215 is divided by 38362?
7
Calculate the remainder when 3688887 is divided by 22.
15
Calculate the remainder when 33004438 is divided by 30.
28
What is the remainder when 131349 is divided by 7243?
975
Calculate the remainder when 348943 is divided by 1586.
23
Calculate the remainder when 227031 is divided by 828.
159
What is the remainder when 10883073 is divided by 42?
33
Calculate the remainder when 15258 is divided by 19.
1
Calculate the remainder when 17556 is divided by 1756.
1752
What is the remainder when 126787325 is divided by 1939?
1932
What is the remainder when 165748 is divided by 80763?
4222
What is the remainder when 22215216 is divided by 62?
58
Calculate the remainder when 271345 is divided by 53967.
1510
What is the remainder when 541949 is divided by 180497?
458
What is the remainder when 68216 is divided by 3789?
14
What is the remainder when 254988 is divided by 87?
78
What is the remainder when 21784369 is divided by 742?
733
Calculate the remainder when 18907563 is divided by 3353.
3349
What is the remainder when 1074246097 is divided by 9494?
9491
What is the remainder when 81061018 is divided by 180?
178
What is the remainder when 916009 is divided by 134?
119
Calculate the remainder when 4234935 is divided by 4.
3
What is the remainder when 33194069 is divided by 4149256?
21
What is the remainder when 834968 is divided by 254?
70
Calculate the remainder when 60756764 is divided by 509.
488
What is the remainder when 120907 is divided by 4025?
157
What is the remainder when 184410 is divided by 1300?
1110
What is the remainder when 1975666 is divided by 57?
46
What is the remainder when 1433999 is divided by 478?
477
What is the remainder when 49416286 is divided by 13?
10
What is the remainder when 19214 is divided by 139?
32
Calculate the remainder when 8630053 is divided by 460.
453
What is the remainder when 264541 is divided by 283?
219
What is the remainder when 450413277 is divided by 8?
5
Calculate the remainder when 161490 is divided by 21.
0
Calculate the remainder when 122074 is divided by 30341.
710
What is the remainder when 648407 is divided by 20?
7
Calculate the remainder when 45769 is divided by 21803.
2163
What is the remainder when 99576399 is divided by 6710?
6709
What is the remainder when 22593 is divided by 454?
347
What is the remainder when 1991946 is divided by 578?
158
What is the remainder when 4855152 is divided by 2156?
1996
What is the remainder when 368696 is divided by 27?
11
Calculate the remainder when 501298157 is divided by 62.
9
What is the remainder when 48407054 is divided by 5?
4
Calculate the remainder when 39488 is divided by 12558.
1814
What is the remainder when 62756 is divided by 1834?
400
Calculate the remainder when 6354960 is divided by 63549.
60
What is the remainder when 175254 is divided by 7077?
5406
What is the remainder when 8908113 is divided by 253?
236
Calculate the remainder when 10536288 is divided by 52.
48
Calculate the remainder when 16106561 is divided by 2045.
141
Calculate the remainder when 4337863 is divided by 77461.
47
Calculate the remainder when 69122209 is divided by 1696.
33
Calculate the remainder when 781422 is divided by 100.
22
Calculate the remainder when 107951 is divided by 2411.
1867
Calculate the remainder when 12241 is divided by 7057.
5184
Calculate the remainder when 1519277 is divided by 2237.
354
Calculate the remainder when 29406454 is divided by 489.
439
What is the remainder when 8832178 is divided by 635?
598
Calculate the remainder when 120255 is divided by 7053.
354
Calculate the remainder when 494304 is divided by 411.
282
What is the remainder when 9453939 is divided by 403?
365
What is the remainder when 332882 is divided by 403?
4
What is the remainder when 135106 is divided by 547?
544
What is the remainder when 798889 is divided by 3?
1
What is the remainder when 612734 is divided by 1239?
668
Calculate the remainder when 6507504 is divided by 33.
3
What is the remainder when 285410 is divided by 93989?
3443
Calculate the remainder when 55834 is divided by 17731.
2641
What is the remainder when 156397 is divided by 56?
45
What is the remainder when 14858 is divided by 782?
0
Calculate the remainder when 3910512 is divided by 5854.
40
Calculate the remainder when 102332 is divided by 116.
20
What is the remainder when 83356 is divided by 20664?
700
What is the remainder when 381465 is divided by 2340?
45
What is the remainder when 191695677 is divided by 297?
294
What is the remainder when 132549121 is divided by 178?
175
Calculate the remainder when 274529 is divided by 730.
49
What is the remainder when 16908655 is divided by 61?
4
Calculate the remainder when 35025928 is divided by 6833.
6803
Calculate the remainder when 207453 is divided by 198.
147
What is the remainder when 1321865 is divided by 1630?
1565
What is the remainder when 1826283 is divided by 1635?
1623
What is the remainder when 3661789 is divided by 29?
17
Calculate the remainder when 1308283 is divided by 242.
31
Calculate the remainder when 392607 is divided by 661.
634
What is the remainder when 169204 is divided by 1849?
945
What is the remainder when 201778 is divided by 9965?
2478
What is the remainder when 7601135 is divided by 280?
255
What is the remainder when 21419662 is divided by 837?
832
Calculate the remainder when 9075 is divided by 1800.
75
Calculate the remainder when 60163166 is divided by 1338.
1334
What is the remainder when 23166 is divided by 1795?
1626
Calculate the remainder when 2175343 is divided by 362528.
175
Calculate the remainder when 125723 is divided by 3067.
3043
Calculate the remainder when 867686 is divided by 2695.
2591
Calculate the remainder when 562475 is divided by 225.
200
What is the remainder when 1100966 is divided by 549091?
2784
Calculate the remainder when 3919550 is divided by 1592.
46
Calculate the remainder when 3726750 is divided by 86.
26
What is the remainder when 270616 is divided by 134470?
1676
What is the remainder when 67362 is divided by 16743?
390
What is the remainder when 11656752 is divided by 907?
895
What is the remainder when 12454510 is divided by 29?
25
What is the remainder when 164300 is divided by 80584?
3132
Calculate the remainder when 44090 is divided by 3938.
772
Calculate the remainder when 51857506 is divided by 4714318.
8
What is the remainder when 3201392 is divided by 364?
12
Calculate the remainder when 597326 is divided by 19